culate c(-5).
7
Let p(j) = j**2 - 15*j - 41. Let o be (-265)/(-15) - (-90)/(-135). Give p(o).
-7
Let k(x) = -122*x - 148*x - 2 + 290*x + x**2. Calculate k(-19).
-21
Let t(x) = -8*x - x + 67 - 4*x - 52 - 48. Determine t(-12).
123
Let a(j) = 17*j + 21. Let i(k) = 119*k + 4520. Let n be i(-38). What is a(n)?
-13
Suppose 3069*g = 1521*g + 1527*g - 21. Let h(y) = -2*y - 13. Determine h(g).
-11
Let c(d) be the second derivative of d**3/6 + 19*d**2/2 + 9*d. Suppose -3*h - l + 340 = 387, -4*l + 52 = -4*h. Give c(h).
4
Let u(n) = n. Let c(y) = -y**2 + 3*y + 19. Suppose -23 = 11*h + 10. Let d be (6 + h)/(-2 - (-5)/2). Let j be c(d). Determine u(j).
1
Let b(i) = 536 + 11*i**2 + 3*i**2 - 1631 + 567 + 531 - i + 4*i. Let x(a) = a**3 - 4*a**2 + 2*a + 2. Let o be x(3). Determine b(o).
14
Let v(x) = -6*x**2 - 80*x - x**3 - 36*x - 13 + 120*x. Calculate v(-7).
8
Let i = -324 + 484. Let o = i - 168. Let p(b) = -b**2 + 0 + 1 - 8*b - 4. Determine p(o).
-3
Let c = 959 + -947. Let b(x) = -x**3 + 12*x**2 - 2*x + 20. Determine b(c).
-4
Let t(b) be the second derivative of b**5/120 + b**4/6 + b**3/3 + 7*b**2/2 - 13*b. Let x(y) be the second derivative of t(y). What is x(-10)?
-6
Let c(q) = -12*q - 68. Let a(n) = 3*n + 16. Let t(f) = -23*a(f) - 6*c(f). What is t(-15)?
-5
Suppose 2*y = -2*t - t + 17, 32 = 5*y + 4*t. Suppose -182 + 66 = -y*b. Suppose b*u - 25*u = 0. Let h(c) = -c - 2. Calculate h(u).
-2
Let y(o) = -o**2 - 11*o. Suppose 8*x - 16 = -0. Suppose -7*v + 2*v = x*u + 60, 0 = -5*v + 3*u - 35. What is y(v)?
10
Let o(n) be the first derivative of n**4/4 - 11*n**3/3 + 13*n**2/2 - 22*n - 883. What is o(10)?
8
Let k(s) = -12*s**3 + 6 + 12*s**2 - s**2 + 0*s**2 - 10*s + 17*s**3 - 4*s**3. Determine k(-12).
-18
Let l(b) = b**3. Let g(k) be the second derivative of -k**5/20 - k**3/6 + k**2/2 + 124*k. Let j(p) = -g(p) + 5*l(p). Determine j(1).
6
Let r = -224 + 260. Let x = -36 + r. Let i(j) = -j**2 + 9. Calculate i(x).
9
Let q(u) be the second derivative of -u**5/20 - u**4/12 - 7*u**2/2 + 25*u. Let i = 3328 + -3328. Calculate q(i).
-7
Let m(w) = w**3 + 6*w**2 - 2*w + 6. Let s(n) = -4*n**2 + 50*n - 28. Let i be s(12). Calculate m(i).
46
Suppose -4*a - u + 0*u = -12, 5*a - 16 = -u. Let j(b) = 8*b - 37. Give j(a).
-5
Let j be -4 + (2 - (2 + 1)). Let z(y) = -10*y**2 - y - 4. Let d(l) = 13*l**2 + 4. Let g(w) = 3*d(w) + 4*z(w). Give g(j).
-9
Let q be 75/(-2)*(-48)/36. Let u = q - 50. Suppose 24 = -u*c + 3*c. Let v(b) = b**2 - 10*b + 12. Give v(c).
-4
Let g(z) = -z - 5. Let h(w) = w**3 - 16*w**2 + 59*w + 20. Let k be h(10). Suppose 0 = -2*x - 2*f + k - 16, -5*f + 25 = -3*x. Determine g(x).
0
Let t(b) = -25*b + 7. Let u(j) = -6*j + 1. Let s(x) = -t(x) + 5*u(x). What is s(-5)?
23
Let o(u) be the first derivative of u**2/2 + 14*u + 3670. Calculate o(14).
28
Let q(u) = 8*u**3 + 8*u**2 - 2*u - 11. Let p(w) = 10*w**3 + 7*w**2 - 8. Let b(g) = 3*p(g) - 4*q(g). Determine b(-6).
8
Let c(m) = -14*m - 36 + 995*m**2 - 992*m**2 + 49*m. Determine c(-16).
172
Let y(o) = 4 + o + 3 + 0 + 0 - 5. Give y(2).
4
Let r = 24 + -276. Let z = r - -242. Let p(l) = l**2 + 12*l + 8. Calculate p(z).
-12
Let k(t) = -t + 15*t - 10 - 18*t + 5*t + 11*t. Determine k(-6).
-82
Let m(l) = -11*l**2 - 4*l - 9*l - 9 + 2*l**2. Let d(p) = -4*p**2 - 7*p - 5. Let n(b) = 11*d(b) - 6*m(b). Suppose -7*f + 65 = 58*f. What is n(f)?
10
Let k(p) be the third derivative of -p**6/120 + 17*p**4/24 + 4*p**3/3 - 106*p**2 - 2*p - 17. What is k(-4)?
4
Let r(h) be the third derivative of 13/6*h**3 + 0 - 1/40*h**5 + 20*h**2 + 0*h - 7/24*h**4. Let a(f) be the first derivative of r(f). Give a(-6).
11
Let s(m) = -4*m**2 - 2*m. Let b(k) = -4*k + 2 - k + 29 + 7*k. Let p be b(-15). Calculate s(p).
-6
Let d = -660 - -663. Let h(b) be the second derivative of -15*b + 1/6*b**d - 4*b**2 + 0. What is h(7)?
-1
Let n be 6/51 + 166/34. Let t(o) = -2*o**2 + 2*o - 8. Determine t(n).
-48
Let w(s) = -2*s**3 - 15*s**2 - 12*s - 33. Let d be w(-7). Let n(i) = 5*i**2 + 10*i - 5. Let v(c) = -c**2 - c + 1. Let x(r) = -n(r) - 6*v(r). Give x(d).
-5
Let l(h) = -h**2 - h + 1. Suppose 19*n = 21*n + 44. Let x = -28 - n. Let s be (-4)/(-28) + 1/((-7)/x). Determine l(s).
-1
Suppose 0 = 61*o - 65*o - 1504. Let m = 380 + o. Let t(q) = -q**2 + 9*q + 1. Calculate t(m).
21
Let k(u) = -u**2 + 26*u - 7. Suppose -1310 = -5*n - 89*n + 852. Determine k(n).
62
Let n(g) = 7*g**2 + 3*g**2 - 6*g**2 - 5*g**2. Let u be -1 + (-7 - -13) - 4. Give n(u).
-1
Let c(d) = 15*d**2 + 2*d + 12. Let t(p) = 83*p**2 + 9*p + 61. Let s(z) = -11*c(z) + 2*t(z). Calculate s(7).
11
Suppose v + 2*r = -2*v + 136, -2*v = -5*r - 116. Suppose 0 = 1029*h - 1037*h + v. Let g(k) = 2*k**2 - 6*k - 8. Determine g(h).
28
Let d(r) be the first derivative of -r**3/6 + 76*r + 33. Let v(y) be the first derivative of d(y). Determine v(-11).
11
Let g be (-2)/2 - -1 - (-28)/(-4). Let r be (-6)/((-1)/1 + 0/g). Let h be ((-6)/(-4))/((27/r)/(-9)). Let j(u) = -u**2 - 1. Calculate j(h).
-10
Let x(i) = -2*i**2 - 17*i + 1. Suppose -6*m + 4 = -d - 3*m, 0 = m - 2. Suppose 0 = d*z + 3*y + 11 + 11, 42 = -5*z - y. Give x(z).
9
Let k(s) = -s**3 - 4*s**2 - s. Let m be k(-2). Let g = 94 + -92. Let r(c) = -c**3 - 7*c - 8*c**2 + g*c - 4*c + c + 5. Determine r(m).
-19
Let n(f) be the third derivative of 11*f**4/24 - 13*f**2 + 2. Suppose 2*u = -2*u + 16. Suppose -4 = 4*b - 0*l + 3*l, 4*l - 4 = u*b. Calculate n(b).
-11
Let j(c) = 0*c + 3*c**2 - 3*c + 25*c**3 + c - 47*c**3 + 4 + 19*c**3. Determine j(3).
-56
Let g(f) = -2*f**3 + 29*f**2 - 18*f + 54. Let j(i) = -i**3 + 49*i**2 + 203*i + 491. Let s be j(53). What is g(s)?
-2
Let k(o) be the second derivative of o**7/840 - o**6/72 + o**5/60 + o**4/6 + 7*o**3/2 - o**2 - 14*o - 4. Let p(m) be the second derivative of k(m). Give p(3).
-8
Let s(q) = 2*q + 1. Let o(x) = -4*x - 2. Let f(b) = 3*o(b) + 7*s(b). Suppose 0 = -4*p - 5*d - 38, 40*p - 39 = 45*p + 2*d. Give f(p).
-13
Suppose 0 = 3*s + 2*n + 11, -22*s = -18*s - 4*n + 28. Let q be (6 + 36/(-5))*s. Let r(c) be the first derivative of c**2 - 9*c + 1. Determine r(q).
3
Let w(h) be the third derivative of 1/12*h**4 - 3*h**2 - 1/6*h**3 - 17*h + 3/10*h**5 + 0. Calculate w(1).
19
Let u(v) be the third derivative of v**6/24 + v**5/60 - v**4/6 + v**3/3 - 131*v**2 + 7*v. Determine u(1).
4
Let c(x) = x**3 + x**2 - x - 1. Let s be c(-1). Let l(y) = 4 + s*y**2 - 3*y + y**2 + 0*y. Suppose 7*h - 2*h = 20. Determine l(h).
8
Let p(c) be the third derivative of c**5/60 + c**4/8 - 2*c**3/3 - c**2. Let i = 648 + -651. Let g be i/1 - (-1 - (5 - 6)). What is p(g)?
-4
Let r = -61 + 65. Let o(t) = -t**2 + 5*t - 4. Calculate o(r).
0
Let x(k) = -4*k + 15*k**2 + 8*k**2 - 22*k**2 - 1 + 0*k. Suppose -l + 13 + 10 = 0. Suppose 3*g = 4*q + l, 0*g - q - 12 = -2*g. What is x(g)?
4
Let m(l) = 3*l - 38. Let w = -2916 + 2923. Determine m(w).
-17
Let n(a) be the third derivative of -7 + 3*a**2 + 0*a + 1/6*a**3 - 1/12*a**4. Determine n(0).
1
Let d(w) = 20*w + 967 + 941 - 1950 - 2*w**2. Determine d(6).
6
Let v(k) = k**2 - 16*k + 75. Let b be ((-792)/54 - -14)*-9. Determine v(b).
15
Let w be (-1 + -17)*(-1 - (-20)/12). Let g(h) = -h**2 - 28*h - 194. Determine g(w).
-2
Let q(j) = 23*j + 21. Let w(z) = 28*z + 19. Let k(h) = 9*q(h) - 8*w(h). Give k(2).
3
Let u(y) = -2*y + 19. Let a(c) = 11*c - 126. Let b(t) = a(t) + 7*u(t). Let x = 17 + -9. What is b(x)?
-17
Let u(z) = -z**3 - 54*z**2 - 54*z - 58. Let o be 2/(15 - (-3985)/(-265)). Give u(o).
-5
Let t(b) be the third derivative of b**4/3 + 11*b**3/2 + 4583*b**2 + 2. What is t(-3)?
9
Let d(z) = -6*z - 16. Suppose -40*c = -6*c - 374. Let x(g) = -g - 3. Let b(s) = c*x(s) - 2*d(s). Calculate b(1).
0
Let l(n) = n - 2. Let t(h) = -h - 1. Let q(o) = l(o) + 2*t(o). Let c(b) = -8*b - 9 + 4*b - b**2 - 4 + 3. Let w be c(-3). What is q(w)?
3
Let d(v) = -v**2 - 8*v - 1. Let a(i) = -2*i**3 + 34*i**2 - i + 41. Let u be a(17). Suppose 0 = -3*s - u. Determine d(s).
-1
Let r(q) be the first derivative of -2*q**3/3 + 5*q**2/2 + 7*q - 44. Let z be (4 + -2)/(68/170). What is r(z)?
-18
Let s(c) = c**3 + c**2 - 5*c - 37. Let b be s(9). Let t be (b/(-64))/(-1) + (-6)/16. Let f(n) = -n**3 + 11*n**2 - n + 5. What is f(t)?
-6
Let h be 6 + -2 + 2 + -1. Suppose -h = -6*p + 3*p - 2*q, -5*p = -q - 4. Let n be p + 0 - (-12)/4. Let k(r) = 2*r + 1. Calculate k(n).
9
Let t(r)